0533
In base 9, what is -2 + 577651053?
577651051
In base 11, what is -3453555 + -4?
-3453559
In base 10, what is 6278062 - 5?
6278057
In base 14, what is 19a308dd - 3?
19a308da
In base 7, what is 5362 + 12320?
21012
In base 4, what is -2332231011023 + -32?
-2332231011121
In base 11, what is -8 + -4943267?
-4943274
In base 12, what is -18 + 3288680?
3288664
In base 16, what is 1f0d - 1345?
bc8
In base 12, what is -4165b95 - -3?
-4165b92
In base 8, what is -54165 - 5762?
-62147
In base 5, what is 4221 - -21131?
30402
In base 14, what is 96a7 + -39b6?
5ad1
In base 6, what is 123 - 22550255?
-22550132
In base 13, what is 4c02c + -95?
4bc67
In base 9, what is -1048751 + -21?
-1048772
In base 4, what is 101021032 - 11?
101021021
In base 11, what is -48045 - 1010?
-49055
In base 13, what is -23 - 124990?
-1249b3
In base 2, what is 1010011010010 + -101111111111010?
-100101100101000
In base 13, what is 48b5 + 255c?
7144
In base 7, what is -3501363 + 660?
-3500403
In base 13, what is -4 - 20771b1a?
-20771b21
In base 2, what is 110 - 100101000001010100110?
-100101000001010100000
In base 13, what is 6a - 3b373?
-3b306
In base 15, what is a + -336db05?
-336daea
In base 10, what is 9249133 - -5?
9249138
In base 7, what is -12 - 1053530?
-1053542
In base 7, what is 11201 - -1044140?
1055341
In base 13, what is -364b02 + -151?
-364c53
In base 9, what is -403330 + -1710?
-405140
In base 13, what is 20aa1 + 1448?
22219
In base 3, what is -211011122101202121 + 2?
-211011122101202112
In base 14, what is -8 - 4d3b1?
-4d3b9
In base 15, what is -a + -1bc3a56?
-1bc3a61
In base 12, what is 443133 - -2?
443135
In base 13, what is 5b0 + -86a?
-28a
In base 16, what is 3 + -8c2af?
-8c2ac
In base 5, what is -1333401 - -2014?
-1331332
In base 8, what is -6 + 31506347?
31506341
In base 14, what is 12 - -19d8a0?
19d8b2
In base 8, what is 5 - -3776032?
3776037
In base 10, what is -763704 + -79?
-763783
In base 15, what is -1b3c4 + 791?
-1ab33
In base 9, what is 3 - 165674408?
-165674405
In base 15, what is -24bb303 - -9?
-24bb2e9
In base 6, what is 1531124251 - 123?
1531124124
In base 16, what is -1f - -184b2c?
184b0d
In base 5, what is 13013134 + -20?
13013114
In base 9, what is -2752228 + 2?
-2752226
In base 16, what is 1 - -a572b?
a572c
In base 7, what is 12363 - 531163?
-515500
In base 5, what is 0 + 1143204044?
1143204044
In base 8, what is 0 - -10030315?
10030315
In base 15, what is -1b + -428955?
-428971
In base 11, what is -3444 + -2868?
-6201
In base 4, what is -22012011302201 - 1?
-22012011302202
In base 14, what is -ba4b93 - 4?
-ba4b97
In base 12, what is 14114010 + 1?
14114011
In base 15, what is -1 + 7bc320?
7bc31e
In base 10, what is 215769 + 17?
215786
In base 3, what is 10010112221 + 20221?
10010210212
In base 11, what is -853412 + 2?
-853410
In base 14, what is -217 + -24b02c?
-24b245
In base 6, what is 201 - 55120144?
-55115543
In base 16, what is -1 - 4f8a2d4?
-4f8a2d5
In base 4, what is -20 - 1132332102?
-1132332122
In base 16, what is -2 - -6326bd?
6326bb
In base 5, what is -1433300144 + -2?
-1433300201
In base 5, what is 23003102130 + 0?
23003102130
In base 5, what is 432 - 211042301?
-211041314
In base 11, what is 631326 + -41?
631295
In base 15, what is 105 + 602a?
6130
In base 16, what is -5 - -865741?
86573c
In base 2, what is -11010110110010001 + -11100000?
-11010111001110001
In base 6, what is -55 - 301502115?
-301502214
In base 7, what is -245316 + -11234?
-256553
In base 15, what is 55a5 + 48?
55ed
In base 14, what is -513 + b9b42?
b962d
In base 3, what is -10022000 - -1200212120?
1120120120
In base 2, what is 1000001001000100 - 1001110001?
111111111010011
In base 13, what is -5562994 - -4?
-5562990
In base 10, what is -5 + 3015738?
3015733
In base 5, what is -23123301 + -1040?
-23124341
In base 4, what is -1230000310 - -212?
-1230000032
In base 4, what is -103311331031111 - -1?
-103311331031110
In base 3, what is 10 + -11211211111202?
-11211211111122
In base 4, what is -103 - 3212221331?
-3212222100
In base 7, what is 222050103 + -3?
222050100
In base 2, what is -111 - -101111100111011100011011?
101111100111011100010100
In base 13, what is 1a2bc70 + 3?
1a2bc73
In base 7, what is 350563135 - -3?
350563141
In base 7, what is 23342 + -460?
22552
In base 14, what is 4 - 65862c4?
-65862c0
In base 16, what is 5 - -133f56a?
133f56f
In base 14, what is -3 - d3b2c6?
-d3b2c9
In base 3, what is -100200102022 - 21210?
-100200201002
In base 3, what is -2110021 - 211211000?
-221021021
In base 7, what is 413 - 3330045?
-3326332
In base 5, what is 2430321042 - -1033?
2430322130
In base 11, what is -1686785 + 12?
-1686773
In base 2, what is 101 + 10011100110101001010011000010?
10011100110101001010011000111
In base 15, what is 4567 - -a78e?
ed06
In base 11, what is -2a783 - 139?
-2a911
In base 15, what is -10e - -25051?
24e42
In base 10, what is 2319145 + -96?
2319049
In base 8, what is -5 + -643055667?
-643055674
In base 10, what is 23 - 1012879?
-1012856
In base 6, what is -12452235330 - -2?
-12452235324
In base 14, what is -4 + -4ddb10c?
-4ddb112
In base 15, what is -ea909 + -116?
-eaa20
In base 5, what is -1101032232 - -10?
-1101032222
In base 4, what is -122 - -22003301?
22003113
In base 10, what is -3 - -10168176?
10168173
In base 14, what is 4 + 5db46c4?
5db46c8
In base 7, what is 2 - 1444615365?
-1444615363
In base 15, what is -3ed3568 - 3?
-3ed356b
In base 2, what is -11 + -110000110100111100000?
-110000110100111100011
In base 5, what is 322 - 1222041?
-1221214
In base 12, what is 2b030 - -1476?
304a6
In base 8, what is 151 + 24311115?
24311266
In base 2, what is -1011000100101010001111010 + 100?
-1011000100101010001110110
In base 9, what is -53 + -466274?
-466337
In base 15, what is -13 - -6758de?
6758cb
In base 3, what is 2 - 2022000120110?
-2022000120101
In base 15, what is -4 - -1cb0ab8?
1cb0ab4
In base 11, what is -12 - a77a426?
-a77a438
In base 15, what is -41a5136a + 0?
-41a5136a
In base 7, what is 223051610 - -35?
223051645
In base 4, what is -121123002211332 - 2?
-121123002212000
In base 6, what is -210 + 221254?
221044
In base 2, what is 1000010000110010101101000001 - -101?
1000010000110010101101000110
In base 11, what is 54196 + -1040?
53156
In base 16, what is -94c - -13247?
128fb
In base 4, what is -232302232020 - 12?
-232302232032
In base 9, what is -87165 - 88?
-87264
In base 11, what is -8a25486 + 5?
-8a25481
In base 4, what is 12133313111 + -10?
12133313101
In base 2, what is -1011011111 + 100011001011011?
100001101111100
In base 7, what is -66102 + 263?
-65506
In base 10, what is 464764 + -3?
464761
In base 5, what is 113 - -13444301022?
13444301140
In base 8, what is 12 - -3440126?
3440140
In base 4, what is 11 - -22212110311?
22212110322
In base 5, what is 1222 - 12404101?
-12402324
In base 12, what is 5752 - 5aa8?
-356
In base 5, what is -23131222 - -43112?
-23033110
In base 12, what is -5b1b7 + -252?
-5b449
In base 15, what is -98c2b + a5?
-98b76
In base 13, what is -372810 - 5?
-372815
In base 14, what is -963b73 - 6?
-963b79
In base 4, what is -32321 - 130120?
-223101
In base 5, what is -111 + -3010433000?
-3010433111
In base 4, what is 21231 + -1013102?
-331211
In base 4, what is 2101 - -1311331030?
1311333131
In base 2, what is -11100100000001111 + -1101101?
-11100100001111100
In base 7, what is -6036642 + -12?
-6036654
In base 14, what is 13ad0 - b?
13ac3
In base 5, what is -310342220 + 11?
-310342204
In base 6, what is -542115501 + -4?
-542115505
In base 7, what is 25026113 - -3?
25026116
In base 13, what is 1799b - 2ab?
176c0
In base 6, what is -424100 + 34?
-424022
In base 6, what is -3434543 - -540?
-3434003
In base 13, what is 4885 - 72?
4813
In base 4, what is 3 + 313220221001?
313220221010
In base 3, what is -202211 + 10022021?
2112110
In base 3, what is 2022200121001021 + -1?
2022200121001020
In base 9, what is 13 + -1116772?
-1116758
In base 5, what is 10 + 11002020411?
11002020421
In base 2, what is 1101110110101 + 1000110100110?
10110101011011
In base 10, what is 87 + 258787?
258874
In base 13, what is 87 + 1c29272?
1c29329
In base 13, what is -2159 - 4a725?
-4c881
In base 16, what is -818b20 - 110?
-818c30
In base 8, what is 1 - -43703464?
43703465
In base 11, what is -854a8 - 56?
-85553
In base 13, what is 599